t g be 4*(-2)/(-8)*2. Suppose a*q + g*n = 5*n + 75, 2*q = 2*n + 80. What are the prime factors of q?
3, 5
Suppose -4700 = -2*l - 790. Suppose 623 + 844 = 3*q + 4*s, 5*s = -4*q + l. List the prime factors of q.
5, 97
Suppose 5*u - 30 + 0 = 0. Suppose u*h + h - 196 = 0. List the prime factors of h - (-3 + 4) - -3.
2, 3, 5
Let m = -643 + 119. Let w = 762 + m. Let y = 377 - w. What are the prime factors of y?
139
Let s(z) = z**3 - 34*z**2 + 98*z + 36. Let l(j) = 58*j - 84. Let y be l(2). List the prime factors of s(y).
2, 281
Suppose 35*y - y - 587615 = -y. What are the prime factors of y?
103, 163
Suppose 0 = -6*o + 20710 + 6287 - 3387. List the prime factors of o.
5, 787
Let t be ((-74)/5)/((-93)/45 + 2). Suppose t*i = 223*i - 368. List the prime factors of i.
2, 23
List the prime factors of -8 - (-3196 - -8*(-24)/64).
3191
Suppose 28518571 = 202*z + 291*z. List the prime factors of z.
57847
Let g be -5 + 3/(24/43192). Suppose -9*m + 2472 = -g. What are the prime factors of m?
2, 19, 23
Let t be 621 + 0 + (-2 - -3). Suppose 7*m = 297 + 32. Suppose 5*f + m = t. What are the prime factors of f?
5, 23
Suppose 6 = -0*r + r + 4*k, -3*r + 3 = -3*k. Suppose 0 = -y - r, 214 = a + y + 3*y. List the prime factors of (a/4 - (-6)/12) + -2.
2, 3
Suppose -33169 = -8*o + 68143. What are the prime factors of o/36 - 2*(-4)/36?
2, 11
Suppose 5*n - 35 = 2*q, 5*n + 5*q - 70 = -0*q. Let w(a) = a**2 - 11*a + 17. Let c be w(n). List the prime factors of 194 + (0/c)/((-6)/6).
2, 97
Suppose -2*k + 5*k + 2*u + 2159 = 0, 4*u + 2161 = -3*k. Let o = 1645 + k. List the prime factors of o.
2, 463
Let k = -115 + -24. Let i = 226 - -6. Let d = i + k. What are the prime factors of d?
3, 31
Suppose 15422 - 90133 = -13*g. Suppose 5*s + 1967 - g = 0. List the prime factors of s.
2, 3, 7
Suppose -25 = -13*j + 14. Suppose j*g - m = 407, -7*g = -2*g + 5*m - 685. Suppose -3*p - g = -4*y, 4*y + 3*p - 56 = 80. List the prime factors of y.
2, 17
Let w = 8006 - 1143. What are the prime factors of w?
6863
Suppose g + 439003 = 5*w, w - 25*g - 87812 = -21*g. List the prime factors of w.
2, 5, 439
Let q = 43058 + -19997. What are the prime factors of q?
3, 7687
Let u(o) = 169*o**2 - 66*o + 202. List the prime factors of u(3).
5, 61
Let d(i) = -175*i - 754. List the prime factors of d(-39).
13, 467
Let h(z) = z**2 - 8*z - 3. Let m be h(8). Let g be (-8 - -8)/(9/m). Suppose 0*n - 3*n + 5*p + 429 = g, -p + 411 = 3*n. What are the prime factors of n?
2, 3, 23
Let o = -215 - -1515. What are the prime factors of o?
2, 5, 13
Let m be (-45)/(-4) + 60/80. Let w(b) be the first derivative of -b**4/4 + 13*b**3/3 - 2*b**2 - 18*b + 24. List the prime factors of w(m).
2, 3, 13
Suppose 5*a - 4*v = 527, v = -5*a - v + 539. Let x(k) = -10*k - 57 + a + 66. List the prime factors of x(0).
2, 29
Suppose -3*p + 6 = 0, 806 = -2*o - 3*p - 366. Let t = 619 - o. List the prime factors of t.
2, 151
Suppose -3*p + 64 - 43 = 0. Let o be ((-1245)/p)/(-3) + 2/(-7). Let f = 152 - o. What are the prime factors of f?
3, 31
Let g be (12 - (-2 + 8)) + -3*1. Suppose -g*k + 2807 = 5*u - 1569, 3*u - 3 = 0. List the prime factors of k.
31, 47
Suppose -97320 = -10*x - 18630. What are the prime factors of x?
3, 43, 61
Suppose -348*m = -440*m + 2326680. What are the prime factors of m?
2, 3, 5, 281
Let o(z) = -247*z + 961. What are the prime factors of o(-10)?
47, 73
Suppose 3*n = 5*h - 38971, -5*h - 5467 = n - 44430. List the prime factors of h.
7793
Suppose -27*y = -113 - 22. Let s(f) = 36*f**2 - 24*f + 131. What are the prime factors of s(y)?
911
Let i(c) = 208*c + 9714. What are the prime factors of i(29)?
2, 7873
Suppose 0 = -0*r - 2*r + 4*d - 46, 4*r = d - 57. What are the prime factors of (r/(-4))/(20/880)?
11, 13
Let x be (-3 - 2 - (-3 - -1))/(-1). Let p(b) = 9*b**x - 4*b - 16*b**2 - 6*b - 8*b**3 - 18. List the prime factors of p(17).
101
Suppose 0 = 54*c - 64*c + 127480. List the prime factors of c.
2, 3187
Suppose -21*n + q = -16*n - 23413, 0 = n + 4*q - 4649. List the prime factors of n.
31, 151
Suppose -181*t + 163*t + 189040 = -33962. What are the prime factors of t?
13, 953
Let h = -13842 - -57949. What are the prime factors of h?
7, 6301
Suppose 0*n + 2*n = -3*m + 365, 0 = 4*m + 4. Suppose 0*l - 15 = 5*l. What are the prime factors of 2 + ((-18)/8)/(l/n)?
2, 5, 7
Let a = 69 - 39. Suppose 5*m - 5*q + a = 0, -m - q = -0*m + 2. What are the prime factors of 2/m - 593/(-2)?
2, 37
What are the prime factors of (-229655)/(-46) - (1 - (-4)/8)?
7, 23, 31
Let l = 293 - -13828. List the prime factors of l.
3, 523
Let t = -2019 + 2966. What are the prime factors of t?
947
Let c = -11266 + 25936. What are the prime factors of c?
2, 3, 5, 163
Suppose 3*s = -2*w + 6003 + 166, w + s = 3081. List the prime factors of w.
2, 29, 53
Suppose -44*o + 94040 + 38708 = 0. What are the prime factors of o?
7, 431
Let b(x) = -333*x**2 + 12*x - 4. Let f be b(2). Let w = 10 - f. List the prime factors of w.
2, 661
Suppose 0 = -13*p + 27877 + 39151. List the prime factors of p.
2, 1289
Let y = 246 - 244. List the prime factors of (y + 4)*(2779/14 - 3).
3, 17, 23
Suppose 0*x - 32 = -8*x. List the prime factors of (-7)/14*x + 307.
5, 61
Let r = 12958 - 314. What are the prime factors of r?
2, 29, 109
Let a be (-22)/99 + 260/36. Suppose 9*j = -a*j + 4224. What are the prime factors of j?
2, 3, 11
Let h(d) = d**3 + 30*d**2 + 25*d + 38. List the prime factors of h(13).
2, 5, 7, 109
Let r(z) = -z**3 + 3*z**2 - 6*z + 9. Let w be r(3). What are the prime factors of 1210/8 - w/(-36)?
151
Let t(a) = -a**3 + 134*a**2 + 60*a - 2884. List the prime factors of t(134).
2, 1289
Let w(c) = c**2 - 9*c + 13. Let g be w(3). Let t be (108/15)/((-1)/g). Suppose 33*u - t*u = -120. List the prime factors of u.
2, 5
Let h(g) = -34*g + 102. Let m be h(3). Suppose -6*i - i + 2604 = m. What are the prime factors of i?
2, 3, 31
Let u(x) = 7*x - 6. Let z be 38/4 - ((-1)/(-2) - 0). Suppose 1 = 5*j - z. List the prime factors of u(j).
2
Suppose -7*a = 15*a - 15114. Let q = a - 409. What are the prime factors of q?
2, 139
Let f be (9*(-4)/(-36))/(2/2098). Let y = f - 687. List the prime factors of y.
2, 181
What are the prime factors of (-3)/((-12)/17546)*(-36 + 35 + 3)?
31, 283
Let f(c) = -414*c**3 + 6*c**2 + 8*c - 1. What are the prime factors of f(-2)?
3319
Let o = 124 - 119. List the prime factors of o/(-35)*2 + (-12804)/(-28).
457
Suppose -5*m + 24 = -m. Suppose m*k - 60 = 282. Let q = k - -8. List the prime factors of q.
5, 13
Let q(y) = 282 - 20*y + 5*y - y - 2*y - 27*y. List the prime factors of q(-9).
3, 229
Let z = -34556 + 52410. List the prime factors of z.
2, 79, 113
Suppose 328 = -6*d + 112. What are the prime factors of (-3*1)/(d/7248)?
2, 151
Suppose -2*v + 11 = 7. Let k(f) = -f**v + 2*f**2 - 1 - 3. What are the prime factors of k(-8)?
2, 3, 5
Let p be 2/7 - 1704/(-14). Let y(l) = -43 + p + l - 35. What are the prime factors of y(0)?
2, 11
Suppose 4*d = -557 + 1949. List the prime factors of (2/(-6))/((-352)/d - -1).
29
Let z(a) = -13*a - 153. Let t(c) = 7*c + 76. Let s(u) = 5*t(u) + 3*z(u). List the prime factors of s(-33).
53
Let v = -2 - -5. Let o be (-7)/((-28)/16) + 12/(-3). Suppose o = -u - 2*p + 67, -3*p = -0 + v. What are the prime factors of u?
3, 23
List the prime factors of 11175 + -17 + (-14 - -23).
13, 859
Let s = 138029 - 53514. What are the prime factors of s?
5, 16903
Suppose 4*l + 4*x = 218668, 17*x - 16*x = 2*l - 109313. List the prime factors of l.
2, 3, 5, 911
Let n = -2675 - -4328. Let h = n - 1156. List the prime factors of h.
7, 71
Let g(s) = 29*s**2 + 4*s - 408. What are the prime factors of g(-21)?
3, 4099
Let t(d) = 119*d**2 - 111*d - 2. List the prime factors of t(10).
2, 3, 29, 31
Let m = 98950 + -20638. List the prime factors of m.
2, 3, 13, 251
Let u(w) = 22*w**2 - 3*w. Let l(y) = -2*y + 1. Let t be l(-2). Let a be u(t). Suppose -4*v + q = -a, 8*v - q = 5*v + 400. List the prime factors of v.
3, 5
Let z = -193 - -350. Let a = 163 - z. List the prime factors of a.
2, 3
Let j(b) = -30*b**3 - 8*b**2 + 141*b + 977. What are the prime factors of j(-7)?
2, 3, 103
Let r = -19 + 38. Suppose 369 = r*p - 5369. What are the prime factors of p?
2, 151
Let j = 2627 + -1170. Let l = j - 849. List the prime factors of l.
2, 19
Let k(f) = -34*f + 